, 5, 1699, 2203
List the prime factors of 470294980.
2, 5, 23514749
List the prime factors of 355781674.
2, 177890837
What are the prime factors of 32931845?
5, 19, 346651
List the prime factors of 4011437143.
7, 573062449
List the prime factors of 159393134.
2, 31, 67, 38371
What are the prime factors of 557929477?
7, 17, 113, 41491
List the prime factors of 18448428.
2, 3, 1537369
What are the prime factors of 455724?
2, 3, 12659
What are the prime factors of 2660109803?
13, 53, 3860827
List the prime factors of 22426005.
3, 5, 7, 43, 4967
List the prime factors of 47503736.
2, 7, 179, 677
List the prime factors of 109036699.
109036699
What are the prime factors of 248066575?
5, 151, 65713
List the prime factors of 191007670.
2, 5, 7, 467, 5843
List the prime factors of 2425356712.
2, 7937, 38197
What are the prime factors of 2447302492?
2, 14437, 42379
What are the prime factors of 210962348?
2, 23, 2293069
What are the prime factors of 875395999?
875395999
What are the prime factors of 2816250028?
2, 821, 857567
List the prime factors of 135148705.
5, 313, 86357
List the prime factors of 350011737.
3, 113, 344161
List the prime factors of 655642923.
3, 13, 37, 454361
List the prime factors of 3887642615.
5, 777528523
List the prime factors of 504779228.
2, 293, 430699
What are the prime factors of 3823611785?
5, 7, 109246051
What are the prime factors of 65224966?
2, 32612483
List the prime factors of 249268675.
5, 31, 181, 1777
What are the prime factors of 771995056?
2, 7, 6892813
What are the prime factors of 249565434?
2, 3, 89, 263, 1777
List the prime factors of 56497948.
2, 13, 47, 23117
List the prime factors of 68253483.
3, 127, 179143
What are the prime factors of 355602522?
2, 3, 11, 5387917
What are the prime factors of 813733961?
61, 67, 199103
List the prime factors of 2348133239.
2348133239
What are the prime factors of 9163863?
3, 1018207
List the prime factors of 365008992.
2, 3, 503, 7559
What are the prime factors of 14149048?
2, 23, 131, 587
What are the prime factors of 80213318?
2, 43, 109, 199
What are the prime factors of 5463481473?
3, 607053497
List the prime factors of 1597879.
23, 69473
What are the prime factors of 190515238?
2, 95257619
What are the prime factors of 102035753?
487, 209519
List the prime factors of 94897259.
43, 67, 32939
List the prime factors of 7793170624.
2, 121768291
List the prime factors of 522867788.
2, 43, 3039929
What are the prime factors of 464531794?
2, 181, 1283237
What are the prime factors of 54563537?
7, 2423, 3217
List the prime factors of 1884514955.
5, 31, 12158161
List the prime factors of 75984462.
2, 3, 89, 47431
What are the prime factors of 136390014?
2, 3, 17, 148573
List the prime factors of 503504437.
503504437
What are the prime factors of 319132517?
11, 17, 1706591
List the prime factors of 213022992.
2, 3, 7, 13, 6967
What are the prime factors of 1523481612?
2, 3, 97, 211, 6203
What are the prime factors of 114673756?
2, 113, 253703
List the prime factors of 223629801.
3, 74543267
List the prime factors of 2312918270.
2, 5, 13, 167, 106537
What are the prime factors of 111083288?
2, 337, 41203
List the prime factors of 682289430.
2, 3, 5, 19, 1196999
What are the prime factors of 115897109?
17, 6817477
List the prime factors of 45431332.
2, 419, 27107
List the prime factors of 16745628.
2, 3, 1395469
What are the prime factors of 819504596?
2, 47, 317, 13751
List the prime factors of 578020837.
29, 19931753
List the prime factors of 368074647.
3, 577, 70879
What are the prime factors of 137872122?
2, 3, 347, 66221
What are the prime factors of 346139594?
2, 43, 4024879
List the prime factors of 80332751.
80332751
What are the prime factors of 376160252?
2, 13, 19, 380729
List the prime factors of 5476927601.
23, 238127287
List the prime factors of 527962300.
2, 5, 5279623
What are the prime factors of 148183663?
131, 193, 5861
What are the prime factors of 2836457401?
2836457401
What are the prime factors of 121967075?
5, 4878683
What are the prime factors of 240020710?
2, 5, 24002071
What are the prime factors of 442463347?
442463347
What are the prime factors of 1846027416?
2, 3, 17, 67, 67531
List the prime factors of 182279748.
2, 3, 7, 2169997
List the prime factors of 90130518.
2, 3, 5007251
List the prime factors of 103518875.
5, 173, 4787
List the prime factors of 580799328.
2, 3, 6049993
What are the prime factors of 1929073435?
5, 97, 3977471
What are the prime factors of 2445529621?
2445529621
What are the prime factors of 27774828?
2, 3, 199, 3877
List the prime factors of 80597708.
2, 20149427
What are the prime factors of 158338740?
2, 3, 5, 7, 277, 1361
What are the prime factors of 1717222479?
3, 7, 17, 4810147
List the prime factors of 62289331.
13, 857, 5591
What are the prime factors of 176254726?
2, 88127363
What are the prime factors of 9796237?
11, 79, 11273
List the prime factors of 944060429.
13, 19, 3822107
List the prime factors of 2656221977.
79, 2239, 15017
List the prime factors of 13878580.
2, 5, 53, 13093
List the prime factors of 373318842.
2, 3, 13, 23, 59, 3527
What are the prime factors of 8324619?
3, 2774873
What are the prime factors of 65753785?
5, 13150757
List the prime factors of 46776218.
2, 23388109
List the prime factors of 49463666.
2, 7, 3533119
What are the prime factors of 1234963305?
3, 5, 47, 103, 5669
What are the prime factors of 26724173?
7, 3817739
List the prime factors of 854925954.
2, 3, 17, 8381627
List the prime factors of 63392055.
3, 5, 31, 136327
List the prime factors of 1881986555.
5, 173, 2175707
List the prime factors of 324888998.
2, 7, 23206357
What are the prime factors of 147352427?
967, 152381
List the prime factors of 171658761.
3, 57219587
List the prime factors of 43351123.
73, 593851
What are the prime factors of 1244033121?
3, 414677707
What are the prime factors of 158831072?
2, 4963471
List the prime factors of 5304006592.
2, 211, 523, 751
List the prime factors of 327584556.
2, 3, 13, 699967
List the prime factors of 100835020.
2, 5, 11, 13, 35257
List the prime factors of 38659833.
3, 4295537
What are the prime factors of 381447657?
3, 14127691
What are the prime factors of 2008524147?
3, 7, 311, 307537
What are the prime factors of 651547209?
3, 217182403
List the prime factors of 453758864.
2, 13, 53, 41161
What are the prime factors of 3337464707?
3337464707
What are the prime factors of 43763775?
3, 5, 11, 53047
List the prime factors of 1355953354.
2, 7, 17, 19, 299857
What are the prime factors of 1496419709?
21881, 68389
What are the prime factors of 127362449?
61, 2087909
What are the prime factors of 483684498?
2, 3, 11, 37, 103, 641
List the prime factors of 73293917.
73293917
What are the prime factors of 472209643?
101, 4675343
What are the prime factors of 26806582?
2, 11, 110771
What are the prime factors of 4520281004?
2, 5279, 214069
What are the prime factors of 72953065?
5, 19, 631, 1217
What are the prime factors of 7130136?
2, 3, 13, 22853
List the prime factors of 233060550.
2, 3, 5, 1553737
List the prime factors of 10598871.
3, 17, 207821
What are the prime factors of 164519809?
101, 1628909
What are the prime factors of 93867450?
2, 3, 5, 41, 15263
List the prime factors of 105453596.
2, 26363399
List the prime factors of 37164835.
5, 37, 200891
What are the prime factors of 89979064?
2, 7, 109, 14741
List the prime factors of 107799686.
2, 17, 3170579
List the prime factors of 3680060934.
2, 3, 11, 6709, 8311
List the prime factors of 159861981.
3, 53287327
What are the prime factors of 217914805?
5, 3719, 11719
List the prime factors of 182737125.
3, 5, 127, 1279
List the prime factors of 48453242.
2, 83, 291887
What are the prime factors of 125314465?
5, 23, 271, 4021
List the prime factors of 3785791228.
2, 14633, 64679
What are the prime factors of 718205625?
3, 5, 127681
What are the prime factors of 16274270?
2, 5, 17, 95731
List the prime factors of 54099550.
2, 5, 37, 29243
List the prime factors of 36968526.
2, 3, 7, 181, 1621
What are the prime factors of 1034301954?
2, 3, 7, 24626237
What are the prime factors of 79582457?
17, 4681321
What are the prime factors of 277520023?
11, 19, 101, 13147
What are the prime factors of 999045847?
307, 32542